{"id":2368,"date":"2021-10-18T13:12:20","date_gmt":"2021-10-18T11:12:20","guid":{"rendered":"http:\/\/www.coma14teatro.com\/?page_id=2368"},"modified":"2024-02-02T14:46:39","modified_gmt":"2024-02-02T12:46:39","slug":"quienes-somos","status":"publish","type":"page","link":"https:\/\/www.coma14teatro.com\/ca\/quienes-somos\/","title":{"rendered":"QUI SOM"},"content":{"rendered":"<p>[et_pb_section bb_built=\u00bb1&#8243; _builder_version=\u00bb3.0.47&#8243;][et_pb_row _builder_version=\u00bb3.6&#8243; background_size=\u00bbinitial\u00bb background_position=\u00bbtop_left\u00bb background_repeat=\u00bbrepeat\u00bb custom_padding=\u00bb40px||20px|\u00bb custom_padding_tablet=\u00bb80px||20px|\u00bb custom_padding_phone=\u00bb100px||20px|\u00bb custom_padding_last_edited=\u00bbon|phone\u00bb][et_pb_column type=\u00bb4_4&#8243;][et_pb_post_title meta=\u00bboff\u00bb featured_image=\u00bboff\u00bb text_shadow_style=\u00bbpreset1&#8243; _builder_version=\u00bb3.6&#8243; title_font=\u00bb|||||on|||\u00bb title_font_size=\u00bb34px\u00bb title_text_align=\u00bbleft\u00bb meta_font=\u00bb||||||||\u00bb \/][et_pb_text _builder_version=\u00bb3.6&#8243;]<\/p>\n<p class=\"p1\"><strong>Coma14<\/strong> \u00e9s un projecte de creaci\u00f3 esc\u00e8nica, liderat per <strong>Tolo Ferr\u00e0<\/strong>, que aglutina a un gran nombre d&#8217;artistes i t\u00e8cnics de m\u00faltiples disciplines per a cada projecte de creaci\u00f3.<\/p>\n<p class=\"p1\">Tolo \u00e9s un director de teatre, mallorqu\u00ed, format primer en interpretaci\u00f3 amb <strong>Antonio Malonda<\/strong> i <strong>Yolanda Monreal<\/strong>, i llicenciat en l&#8217;especialitat de Direcci\u00f3 Esc\u00e8nica per la <strong>RESAD<\/strong>.<\/p>\n<p class=\"p1\">Entre 2001 i 2005 va dirigir la companyia <strong>7teatro produccions<\/strong>. Portant a escena vuit espectacles entre els quals destaquen \u201c<strong>El \u00e1lbum familiar<\/strong>\u201d, d&#8217;Alonso de Santos, \u201c<strong>Maya ante el espejo<\/strong>\u201d (Basat en \u201cDieta\u201d, de Silvia Nanclares), o \u201c<strong>Los Mercaderes de Historias<\/strong>\u201d, espectacle de carrer per a p\u00fablic infantil, basat en contes populars.<\/p>\n<p class=\"p1\">En 2012 va formar part de l&#8217;equip de <strong>mutisAEscena<\/strong>, productora amb la qual van produir \u201c<strong>No se elige ser un h\u00e9roe<\/strong>\u201d, de <strong>David Desola<\/strong> i \u201c<strong>\u00c9xodo<\/strong>\u201d de <strong>Julio Salvatierra<\/strong>, en coproducci\u00f3 amb <strong>181grados<\/strong>.<\/p>\n<p class=\"p1\">Ha treballat o col\u00b7laborat com a creador audiovisual o d&#8217;ajudant de direcci\u00f3 en nombrosos projectes teatrals com \u201c<strong>La Villana de Getafe<\/strong>\u201d, de <strong>Lope de Vega<\/strong>, amb la <strong>Jove CNTC<\/strong> o en \u201c<strong>Tierra de Tiza<\/strong>\u201d, de Vanesa Monfort, dirigida per <strong>Roberto Cerd\u00e0<\/strong>, entre d\u2019altres.<\/p>\n<p class=\"p1\">Tota l&#8217;experi\u00e8ncia adquirida l&#8217;ha ajudat a donar forma a aquest nou projecte, <strong>COMA14<\/strong> comenta el 2018, amb 3 produccions en gira i nous projectes en marxa. Res d&#8217;aix\u00f2 seria possible sense la professionalitat dels qui formen o han format part de coma14: <br \/>\nSusana de U\u00f1a, Marta Alonso, Roberto Cerd\u00e0, Iv\u00e1n Palomares, Xisca Ferr\u00e0, Miguel \u00c1lvarez, Rafael S\u00e1nchez, Vera Gonz\u00e1lez, Marta G\u00f3mez, Leticia Alejos, Odin Kaban, Lourdes Arina, Patxi Freytez, Lidia Ot\u00f3n, Pedro Almagro, N\u00faria Hernando, Enrique Chueca, Jorge Navarro de Lemus, Amaya Cortaire, Raquel Alonso, Victoria Kersul, Antonia Ferr\u00e0, \u00c1lvaro Ru\u00edz, Aina Zuazaga, Pedro Mas, Rosa Forteza i moltes m\u00e9s persones que han col\u00b7laborat.<\/p>\n<p class=\"p1\">\u201c<strong>1940 Manuscrito encontrado en el olvido (Los girasoles ciegos, d&#8217;Alberto M\u00e9ndez)<\/strong>\u201d, \u201c<strong>On \u00e9s quan ja no hi \u00e9s?<\/strong>\u201d i \u201c<strong>la Xef Pipa<\/strong>\u201d s\u00f3n les tres produccions creades amb aquest meravell\u00f3s equip i que actualment estan en gira.<span class=\"Apple-converted-space\">\u00a0<\/span><\/p>\n<p>[\/et_pb_text][\/et_pb_column][\/et_pb_row][\/et_pb_section]<\/p>\n","protected":false},"excerpt":{"rendered":"<p>&#8230;<\/p>\n","protected":false},"author":1,"featured_media":0,"parent":0,"menu_order":0,"comment_status":"closed","ping_status":"closed","template":"","meta":{"footnotes":""},"aioseo_notices":[],"_links":{"self":[{"href":"https:\/\/www.coma14teatro.com\/ca\/wp-json\/wp\/v2\/pages\/2368"}],"collection":[{"href":"https:\/\/www.coma14teatro.com\/ca\/wp-json\/wp\/v2\/pages"}],"about":[{"href":"https:\/\/www.coma14teatro.com\/ca\/wp-json\/wp\/v2\/types\/page"}],"author":[{"embeddable":true,"href":"https:\/\/www.coma14teatro.com\/ca\/wp-json\/wp\/v2\/users\/1"}],"replies":[{"embeddable":true,"href":"https:\/\/www.coma14teatro.com\/ca\/wp-json\/wp\/v2\/comments?post=2368"}],"version-history":[{"count":17,"href":"https:\/\/www.coma14teatro.com\/ca\/wp-json\/wp\/v2\/pages\/2368\/revisions"}],"predecessor-version":[{"id":3032,"href":"https:\/\/www.coma14teatro.com\/ca\/wp-json\/wp\/v2\/pages\/2368\/revisions\/3032"}],"wp:attachment":[{"href":"https:\/\/www.coma14teatro.com\/ca\/wp-json\/wp\/v2\/media?parent=2368"}],"curies":[{"name":"wp","href":"https:\/\/api.w.org\/{rel}","templated":true}]}}

<p>[et_pb_section bb_built=»1&#8243; _builder_version=»3.0.47&#8243;][et_pb_row _builder_version=»3.6&#8243; background_size=»initial» background_position=»top_left» background_repeat=»repeat» custom_padding=»40px||20px|» custom_padding_tablet=»80px||20px|» custom_padding_phone=»100px||20px|» custom_padding_last_edited=»on|phone»][et_pb_column type=»4_4&#8243;][et_pb_post_title meta=»off» featured_image=»off» text_shadow_style=»preset1&#8243; _builder_version=»3.6&#8243; title_font=»|||||on|||» title_font_size=»34px» title_text_align=»left» meta_font=»||||||||» /][et_pb_text _builder_version=»3.6&#8243;]</p>
<p class="p1"><strong>Coma14</strong> és un projecte de creació escènica, liderat per <strong>Tolo Ferrà</strong>, que aglutina a un gran nombre d&#8217;artistes i tècnics de múltiples disciplines per a cada projecte de creació.</p>
<p class="p1">Tolo és un director de teatre, mallorquí, format primer en interpretació amb <strong>Antonio Malonda</strong> i <strong>Yolanda Monreal</strong>, i llicenciat en l&#8217;especialitat de Direcció Escènica per la <strong>RESAD</strong>.</p>
<p class="p1">Entre 2001 i 2005 va dirigir la companyia <strong>7teatro produccions</strong>. Portant a escena vuit espectacles entre els quals destaquen “<strong>El álbum familiar</strong>”, d&#8217;Alonso de Santos, “<strong>Maya ante el espejo</strong>” (Basat en “Dieta”, de Silvia Nanclares), o “<strong>Los Mercaderes de Historias</strong>”, espectacle de carrer per a públic infantil, basat en contes populars.</p>
<p class="p1">En 2012 va formar part de l&#8217;equip de <strong>mutisAEscena</strong>, productora amb la qual van produir “<strong>No se elige ser un héroe</strong>”, de <strong>David Desola</strong> i “<strong>Éxodo</strong>” de <strong>Julio Salvatierra</strong>, en coproducció amb <strong>181grados</strong>.</p>
<p class="p1">Ha treballat o col·laborat com a creador audiovisual o d&#8217;ajudant de direcció en nombrosos projectes teatrals com “<strong>La Villana de Getafe</strong>”, de <strong>Lope de Vega</strong>, amb la <strong>Jove CNTC</strong> o en “<strong>Tierra de Tiza</strong>”, de Vanesa Monfort, dirigida per <strong>Roberto Cerdà</strong>, entre d’altres.</p>
<p class="p1">Tota l&#8217;experiència adquirida l&#8217;ha ajudat a donar forma a aquest nou projecte, <strong>COMA14</strong> comenta el 2018, amb 3 produccions en gira i nous projectes en marxa. Res d&#8217;això seria possible sense la professionalitat dels qui formen o han format part de coma14: <br />
Susana de Uña, Marta Alonso, Roberto Cerdà, Iván Palomares, Xisca Ferrà, Miguel Álvarez, Rafael Sánchez, Vera González, Marta Gómez, Leticia Alejos, Odin Kaban, Lourdes Arina, Patxi Freytez, Lidia Otón, Pedro Almagro, Núria Hernando, Enrique Chueca, Jorge Navarro de Lemus, Amaya Cortaire, Raquel Alonso, Victoria Kersul, Antonia Ferrà, Álvaro Ruíz, Aina Zuazaga, Pedro Mas, Rosa Forteza i moltes més persones que han col·laborat.</p>
<p class="p1">“<strong>1940 Manuscrito encontrado en el olvido (Los girasoles ciegos, d&#8217;Alberto Méndez)</strong>”, “<strong>On és quan ja no hi és?</strong>” i “<strong>la Xef Pipa</strong>” són les tres produccions creades amb aquest meravellós equip i que actualment estan en gira.<span class="Apple-converted-space"> </span></p>
<p>[/et_pb_text][/et_pb_column][/et_pb_row][/et_pb_section]</p>
